 -61. Calculate w(g).
28
Let o(j) = -j**3 + 5*j**2 + j - 7. Suppose -4*z + 3*y + 71 = z, 0 = -5*y - 10. Let g = z - 11. Let i be g + 0 - (-12)/4*1. Determine o(i).
-2
Let q(d) = d**2 + 4*d - 7. Let g(v) = v + 1. Let s(j) = -31 + 75 + 5*j - 23. Let w(m) = 2*g(m) + s(m). Let t be w(-4). Determine q(t).
-2
Let i(t) be the first derivative of -7*t - 4*t**2 + 1/3*t**3 - 28. Let r(n) = 9*n - 1. Let m be r(1). Calculate i(m).
-7
Suppose h + 3*h = 12, v = -3*h + 22. Let o = 14 - v. Let m(y) = -y**2 - 1. Let d(n) = -2*n**2 + 5*n - 5. Let s(r) = o*m(r) - d(r). Give s(4).
0
Let b = 28 - 27. Let k(o) = -7*o + 6*o - 1 - 10*o + 0 - o. Give k(b).
-13
Suppose -k - 4*k = -35. Let g(d) = 7*d**2 - 8*d - 7. Let w(y) = 17*y**2 - 16*y - 17. Let u(o) = -5*g(o) + 2*w(o). Give u(k).
8
Let z(o) = 22*o**2 - 5*o + 9. Let p(d) = 3*d**3 + 10*d**2 + 3*d + 6. Let u be p(-3). Let l(t) = 25*t**2 - 6*t + 11. Let i(k) = u*z(k) - 5*l(k). Give i(-1).
6
Suppose 3*a - 5*j - 2 = 0, -6*a + 4*j = -8*a - 6. Let z(g) = -11 + 9*g - 4*g + 11. What is z(a)?
-5
Let y(o) = 2*o + 28. Suppose 2*r - 35 = 3*n, -48 = n + 5*r - 76. Calculate y(n).
14
Let o(b) be the second derivative of -1/12*b**4 - b**2 - 2 - 3/2*b**3 + 11*b. What is o(-6)?
16
Let s(a) = -3*a**2 - a - 1. Let z be (13 - -5)*(-2)/(-6). Suppose -z*i - 38 = -8. Let u be -1*(16/(-4) - i). Determine s(u).
-3
Let t(s) = -2*s**3 + 26*s**2 + 31*s - 23. Let j be t(14). Let u(v) = j*v**3 - 24*v**3 - 7*v**2 + 6*v**3 + 1 + 9. What is u(7)?
10
Let s(h) = -19*h**2 - 32*h - 17. Let a be s(-1). Let q(l) = 6*l + 7. Determine q(a).
-17
Let k(o) = -2*o**2 - 20*o + 20. Let r(p) = -p**2 - 10*p + 10. Let s(w) = 3*k(w) - 5*r(w). Let a(j) = j**3 - 8*j**2 + 16*j - 16. Let l be a(5). Give s(l).
-1
Let i(a) = -a**2 - 8*a - 11. Let o = 542 + -485. Let d = -117 - -52. Let m = d + o. Give i(m).
-11
Suppose -5*z = -7 + 17. Let v(i) be the first derivative of -i**4/4 + i**3/3 + i**2 + 190. Determine v(z).
8
Let w(b) = -b**3 + 8*b**2 + 8*b + 10. Let u = 2 + -6. Suppose -2*a + 54 = a. Let j be a*((-14)/u + -3). Determine w(j).
1
Let z(p) = p + 91. Let o(l) = l + 60. Let i(t) = 8*o(t) - 5*z(t). Give i(-16).
-23
Suppose -8*w = -95 - 361. Let x = -46 + w. Suppose 0 = -t + 13 - x. Let p(l) = l**2 + 2*l - 3. What is p(t)?
5
Let d = -355 + 360. Suppose 9*u = d*u + 12. Let x(t) = -2*t + 4. Give x(u).
-2
Let u(z) = -19*z + 35*z - 5*z - 4*z + 27. Determine u(-17).
-92
Let i = -80650 + 80650. Let a(p) = -7*p + 17. Let d(m) = -8*m + 16. Let f(r) = -7*a(r) + 6*d(r). Give f(i).
-23
Let z(w) be the first derivative of -w**5/60 - w**4/3 - w**3/2 - w**2 - 16*w - 200. Let y(s) be the second derivative of z(s). Give y(-8).
-3
Let t(z) = 25*z - 71. Let q be t(3). Suppose 16*o - q = -20. Let f(r) = 22*r**3 - 2*r - 1. Determine f(o).
-21
Let l(r) be the third derivative of r**6/720 - r**5/120 - 15*r**4/8 - 29*r**2 + r. Let m(p) be the second derivative of l(p). What is m(-7)?
-8
Let l(t) = -2*t + 13. Let o = 380 - 364. Suppose o*c + 135 = 31*c. Give l(c).
-5
Let n(j) be the second derivative of -j**4/12 - j**3/3 + 6*j**2 - 29*j + 11. What is n(-5)?
-3
Let c(i) = -i**3 - 6*i**2 + 2*i - 6. Let p be (-3)/12 + (-233)/(-4). Let u be p + -59 + (-1)/(2/(-26)). Suppose -2*q + 4*q + u = 0. Determine c(q).
-18
Let s(x) = -446 + 3*x**3 + 2*x**2 - 12*x**3 + 907 - 6*x - 456. Calculate s(1).
-8
Let u = 4154 - 4154. Let r(w) be the first derivative of 3/4*w**4 - 6 + u*w**3 + 0*w**2 - w. Calculate r(1).
2
Let r(y) = 2*y + 54. Let n(q) = -364*q - 4725. Let s be n(-13). Determine r(s).
68
Let v(a) = -a**2 - 20*a + 159. Suppose -4*o = 3*k + 54, 16*k - 100 = 21*k + 5*o. What is v(k)?
3
Let s(t) be the first derivative of t**5/120 - 2*t**3 - 17. Let x(r) be the third derivative of s(r). Let k = -4 - -5. Give x(k).
1
Let m(f) = 2*f - 193. Let k be m(34). Let d = k + 128. Let z(y) = -2*y**3 + 2*y + 2. What is z(d)?
-46
Suppose -5*x - 5*t - 29 - 26 = 0, 2*x = 4*t + 8. Let y(h) = -2*h**2 - 34*h + 40. Let m(o) = -o**2 - 15*o + 19. Let l(f) = 7*m(f) - 3*y(f). Calculate l(x).
-5
Let q(t) = -10*t - 5. Let s be (14/10 - 6/15) + 3. Let n(a) = -4*a - 3. Let l(i) = s*q(i) - 9*n(i). Calculate l(3).
-5
Suppose 0 = -30*l + 32*l + 168. Let a = l - -88. Let w(c) = -c + 3. Determine w(a).
-1
Let m(s) = 11*s + 4. Let i(c) = 107*c + 42. Let l = -61 + 59. Let r(j) = -54*j - 21. Let n(p) = l*i(p) - 5*r(p). Let k(a) = 21*m(a) - 4*n(a). Give k(-1).
-7
Let q(r) = 14 - 577*r + 567*r + r**2 + 0*r**2. Let s be (-9)/(-5)*(65/(-78) - (-75)/18). Determine q(s).
-10
Let u(v) = 1 - v + 4 + 2 + 1. Suppose 5*d - 15 = 0, 0 = 5*j - d - 0 - 42. Let t = j - 9. Determine u(t).
8
Let h(s) = 20*s**3 - 23*s**2 + 15*s - 16. Let m(a) = 9*a**3 - 11*a**2 + 7*a - 8. Suppose -55*b = -56*b - 4. Let f(d) = b*h(d) + 9*m(d). What is f(7)?
13
Let g(u) = -5*u - 29 + 2*u**3 - 13*u**2 + 11*u + u**2 - u. Give g(6).
1
Let y(i) = -3*i + 2. Let k be y(-7). Let v(a) = 10*a**2 + 15*a**2 - k*a**2 + 3*a - 2 + 0. Calculate v(2).
12
Suppose 223*x + 140 = 218*x - 10*o, 4*x + 58 = -2*o. Let d(p) = p**2 + 24*p + 9. Determine d(x).
-131
Let v(u) = -u + 16*u - 2*u + u**2 + 9. Suppose 73*x = 153*x - 78*x + 24. Give v(x).
-3
Let b(m) = 2*m**2 - 44*m - 995. Let l be b(36). Let n(w) = w - 22. What is n(l)?
-9
Let c(v) = -2*v**3 + 4*v**2 + 20*v - 14. Let y = -6889 - -6893. What is c(y)?
2
Let q(v) = -v**3 - 8*v**2 - 5*v + 36. Let u be q(-9). Let z = u - 161. Let l(f) = -8*f + 0*f - f. Determine l(z).
-9
Let d(a) = a**2 + 20*a. Let g be d(-20). Let b(n) be the first derivative of -n**3/3 - n**2/2 - 10*n + 27. Give b(g).
-10
Let v(g) = -10*g**2 + 82*g - 84. Let p be v(7). Let l(t) = 7*t**2 - t - 22. Give l(p).
-22
Let t(f) = -f**2 + 9*f + 12. Let j(l) = -3*l - 8. Let a be j(-6). Let y be t(a). Suppose d = -4*z - 3, -2 = -y*z - 0. Let u(g) = -g - 3. What is u(d)?
4
Let c(m) = m**3 - 5*m**2 + 4*m - 1. Suppose 33*o = 28*o + 20. Let b be 22/o + (-15)/6. Calculate c(b).
-7
Let p(a) = -2*a + 4. Let i(k) = -5*k**2 + 9*k + 86. Let f be i(5). Give p(f).
-8
Let w be (-8)/(-3)*54/36. Suppose 2*p - 8 = -m, -p - 3*m + m + w = 0. Let x(o) = p*o + o - 3*o - o. Calculate x(7).
7
Let t(j) = 4*j**3 - 3*j**2 + 3*j - 2. Let a be (-42)/(-112)*8 - (154 + -1). Let q be (30/a)/(-2*1/20). Determine t(q).
24
Let d(y) = -3*y + 60. Let n be (864/(-189))/(-4*6/(-504)*-6). What is d(n)?
12
Let c(x) = -x**2 - 7*x - 2. Suppose 0 = t + 2*d + 4 - 23, 4*d + 52 = 4*t. Let q be -3 + -103 + t/3. Let s = q + 97. Determine c(s).
10
Let d be (4 - -2) + (-26)/2 + 9. Let b(g) be the first derivative of -1/2*g**d + 0*g + 8. What is b(-2)?
2
Let b = -34312 + 34306. Let f(x) = -5*x**2 + 2*x**2 - 6*x + 2 - x**3 - 4*x**2. What is f(b)?
2
Suppose 47*t - 48*t + 105*t = 0. Let p(m) be the second derivative of -1/4*m**4 + t - 2*m**2 - 1/2*m**3 - 20*m. Determine p(-3).
-22
Let g(r) = r**2 + 63*r + 487. Suppose 0 = 5*f + 15, -34*f + 31*f + 99 = -2*q. What is g(q)?
1
Let p = -17 + 17. Let l(a) = a**3 - 2*a**2 + 2. Let t be l(p). Let s(h) = -t - 4 + 0 - 11 - h. Calculate s(-7).
-10
Suppose -10 = 13*g - 11*g - 4*o, 0 = -4*g - 5*o + 32. Let k(z) = -z**2 - 2*z + 2. Calculate k(g).
-13
Let w(u) = u**2 - 5*u - 3. Suppose 16*y = 6*y + 10. Suppose 3*d - y = -1. Suppose d = 5*s - 3*s - 10. Determine w(s).
-3
Let x(u) = 1910*u - 1917*u + 8 - 1. Give x(-2).
21
Let m(d) = -d**3 - d**2 + 12*d + 18. Let f be 5 + 4 + (-1 - 10). Determine m(f).
-2
Suppose f - 1 = 2. Let x(l) = -9 - 3 + f - l. Let g be ((-29)/(-174))/(2/(-60)). Determine x(g).
-4
Suppose -j = -4*m - 413 - 89, 3*j = 2*m + 1516. Let p be j/77 - (-3)/7. Let n(o) = o - 5 + 7*o**2 - o**3 - 4 + 2 + 0. Give n(p).
0
Let m(s) = -2*s**3 + 33*s**2 - 5*s + 2. Let i(b) = 3*b**3 - 54*b**2 + 8*b - 5. Let l(v) = -3*i(v) - 5*m(v). Give l(4).
25
Suppose -37*x - 326 = 303. Let b(s) = -s**3 - 18*s**2 - 13*s + 42. Calculate b(x).
-26
Let i(f) = 30*f - 168. Let y(h) = -31*h + 169. Let n(k) = -5*i(k) - 4*y(k). Determine n(6).
8
Let s = 8773 - 8766. Let p(z) be the second derivative of 0 + s*z**2 + 1/6*z**3 + 17*z. Calculate p(-6).
8
Let x(t) = -10 + 2*t - 3*t + 20 - 22. Let u(b) = -2*b + 12. Let k be u(10). Determine x(k).
-4
Let s = -13375 + 13380. Let f(h) = h**2 + h - 33. Determine f(s).
-3
Let r(d) = d**3 + 13*d**2 + 29*d + 4. Let j be r(-10). Suppose 5*x - 5*b + 41 = -j, 0 = 5*x + 2*b + 34. Let w(v) 